{"id":7432,"date":"2025-02-17T14:29:42","date_gmt":"2025-02-17T07:29:42","guid":{"rendered":"https:\/\/ambhanoi.esteri.it\/?page_id=7432"},"modified":"2025-02-17T15:49:25","modified_gmt":"2025-02-17T08:49:25","slug":"social-media-policy","status":"publish","type":"page","link":"https:\/\/ambhanoi.esteri.it\/it\/chi-siamo\/contatti\/social-media-policy\/","title":{"rendered":"Social Media Policy"},"content":{"rendered":"<p>Questa Ambasciata utilizza i social media per finalit\u00e0 istituzionali, per accrescere la trasparenza e la conoscenza delle proprie attivit\u00e0: informa, comunica, ascolta e pubblica contenuti di carattere istituzionale.<\/p>\n<p>I contenuti pubblicati comprendono fotografie, video istituzionali, comunicati stampa, informazioni di servizio, notizie relative all\u2019attivit\u00e0 di questa sede nonch\u00e9 opportunit\u00e0 di coinvolgimento e partecipazione dei cittadini. I dati personali sono utilizzati nel rispetto della normativa a relativa protezione, la cui informativa \u00e8 disponibile <a href=\"https:\/\/www.esteri.it\/it\/sportello_info\/informativa-sul-trattamento-dei-dati-personali\/\">qui<\/a>.<\/p>\n<p>Attraverso i propri canali social, questa sede pu\u00f2 condividere e rilanciare contenuti e messaggi dipubblico interesse e utilit\u00e0 pubblicate da altri utenti.<\/p>\n<p>Questa Ambasciata si impegna a gestire spazi di comunicazione e dialogo all\u2019interno dei propri profili social media chiedendo ai propri utenti il rispetto di alcune semplici regole:<\/p>\n<p>1. A tutti si chiede di esporre la propria opinione con correttezza, misura e rispetto.<br \/>\n2. Nei social media ognuno \u00e8 responsabile dei contenuti che pubblica e delle opinioni che esprime. Non saranno comunque tollerati insulti, volgarit\u00e0, offese, minacce e, in generale, atteggiamenti violenti o diffamatori.<br \/>\n3. I contenuti pubblicati devono rispettare sempre la protezione di dati personali. Vanno evitati riferimenti a fatti o a dettagli privi di rilevanza pubblica e che ledano la sfera personale di terzi.<br \/>\n4. L\u2019interesse degli argomenti rispetto alle attivit\u00e0 di questa sede \u00e8 un requisito essenziale: non \u00e8 possibile in alcun modo utilizzare questi spazi per scopi diversi da quelli istituzionali.<br \/>\n5. Ogni discussione \u00e8 legata a un tema specifico: a tutti i partecipanti \u00e8 richiesto di rispettarlo, evitando di allargare il confronto in modo generico e indiscriminato.<br \/>\n6. Non sar\u00e0 tollerata alcuna forma di pubblicit\u00e0, spam o promozione di interessi privati o di attivit\u00e0 illegali.<br \/>\n7. Non sono ammessi contenuti che violino il diritto d\u2019autore n\u00e9 l\u2019utilizzo non autorizzato di marchi registrati.<\/p>\n<p>In ogni caso, ove il social media lo permetta, saranno rimossi dallo staff tutti i post, i commenti o i materiali audio\/video che:<\/p>\n<ul>\n<li>presentano un linguaggio inappropriato e\/o un tono minaccioso, violento, volgare o irrispettoso;<\/li>\n<li>presentano contenuti illeciti o di incitamento a compiere attivit\u00e0 illecite;<\/li>\n<li>hanno contenuti offensivi, ingannevoli, allarmistici, o in violazione di diritti di terzi;<\/li>\n<li>divulgano dati e informazioni personali o che possono cagionare danni o ledere la reputazione di terzi;<\/li>\n<li>presentano contenuti a contenuto osceno, pornografico o pedopornografico, o tale da offendere la sensibilit\u00e0 degli utenti;<\/li>\n<li>hanno un contenuto discriminatorio per genere, razza, etnia, lingua, credo religioso, opinioni politiche, orientamento sessuale, et\u00e0, condizioni personali e sociali;<\/li>\n<li>promuovono o sostengono attivit\u00e0 illegali, che violano la protezione del diritto di autore o che utilizzano in modo improprio un marchio registrato.<\/li>\n<\/ul>\n<p>Per chi dovesse violare ripetutamente queste condizioni o quelle contenute nelle policy degli strumenti adottati, questa sede, coerentemente con la Social Media Policy del MAECI, si riserva il diritto di usare il ban o il blocco (quando possibile dopo un primo avvertimento) per impedire ulteriori interventi, e di segnalare l\u2019utente ai responsabili della piattaforma ed eventualmente alle forze dell\u2019ordine.<\/p>\n<p>Questa sede interagisce con gli utenti attraverso i propri profili social, ma non garantisce tempestivit\u00e0 nel riscontro. I canali social media si affiancano e non si sostituiscono ai consueti canali di accesso del pubblico ai servizi di informazione e assistenza. \u00c8 preferibile contattare la sede come indicato nella sezione dedicata del sito: <a href=\"https:\/\/ambhanoi.esteri.it\/it\/chi-siamo\/gli-uffici\/\">https:\/\/ambhanoi.esteri.it\/it\/chi-siamo\/gli-uffici\/<\/a>.<\/p>\n","protected":false},"excerpt":{"rendered":"Questa Ambasciata utilizza i social media per finalit\u00e0 istituzionali, per accrescere la trasparenza e la conoscenza delle proprie attivit\u00e0: informa, comunica, ascolta e pubblica contenuti di carattere istituzionale. I contenuti pubblicati comprendono fotografie, video istituzionali, comunicati stampa, informazioni di servizio, notizie relative all\u2019attivit\u00e0 di questa sede nonch\u00e9 opportunit\u00e0 di coinvolgimento e partecipazione dei cittadini. I [&hellip;]","protected":false},"author":4,"featured_media":0,"parent":123,"menu_order":0,"comment_status":"closed","ping_status":"closed","template":"","meta":{"footnotes":""},"class_list":["post-7432","page","type-page","status-publish","hentry"],"_links":{"self":[{"href":"https:\/\/ambhanoi.esteri.it\/it\/wp-json\/wp\/v2\/pages\/7432","targetHints":{"allow":["GET"]}}],"collection":[{"href":"https:\/\/ambhanoi.esteri.it\/it\/wp-json\/wp\/v2\/pages"}],"about":[{"href":"https:\/\/ambhanoi.esteri.it\/it\/wp-json\/wp\/v2\/types\/page"}],"author":[{"embeddable":true,"href":"https:\/\/ambhanoi.esteri.it\/it\/wp-json\/wp\/v2\/users\/4"}],"replies":[{"embeddable":true,"href":"https:\/\/ambhanoi.esteri.it\/it\/wp-json\/wp\/v2\/comments?post=7432"}],"version-history":[{"count":3,"href":"https:\/\/ambhanoi.esteri.it\/it\/wp-json\/wp\/v2\/pages\/7432\/revisions"}],"predecessor-version":[{"id":7460,"href":"https:\/\/ambhanoi.esteri.it\/it\/wp-json\/wp\/v2\/pages\/7432\/revisions\/7460"}],"up":[{"embeddable":true,"href":"https:\/\/ambhanoi.esteri.it\/it\/wp-json\/wp\/v2\/pages\/123"}],"wp:attachment":[{"href":"https:\/\/ambhanoi.esteri.it\/it\/wp-json\/wp\/v2\/media?parent=7432"}],"curies":[{"name":"wp","href":"https:\/\/api.w.org\/{rel}","templated":true}]}}

<p>Questa Ambasciata utilizza i social media per finalità istituzionali, per accrescere la trasparenza e la conoscenza delle proprie attività: informa, comunica, ascolta e pubblica contenuti di carattere istituzionale.</p>
<p>I contenuti pubblicati comprendono fotografie, video istituzionali, comunicati stampa, informazioni di servizio, notizie relative all’attività di questa sede nonché opportunità di coinvolgimento e partecipazione dei cittadini. I dati personali sono utilizzati nel rispetto della normativa a relativa protezione, la cui informativa è disponibile <a href="https://www.esteri.it/it/sportello_info/informativa-sul-trattamento-dei-dati-personali/">qui</a>.</p>
<p>Attraverso i propri canali social, questa sede può condividere e rilanciare contenuti e messaggi dipubblico interesse e utilità pubblicate da altri utenti.</p>
<p>Questa Ambasciata si impegna a gestire spazi di comunicazione e dialogo all’interno dei propri profili social media chiedendo ai propri utenti il rispetto di alcune semplici regole:</p>
<p>1. A tutti si chiede di esporre la propria opinione con correttezza, misura e rispetto.<br />
2. Nei social media ognuno è responsabile dei contenuti che pubblica e delle opinioni che esprime. Non saranno comunque tollerati insulti, volgarità, offese, minacce e, in generale, atteggiamenti violenti o diffamatori.<br />
3. I contenuti pubblicati devono rispettare sempre la protezione di dati personali. Vanno evitati riferimenti a fatti o a dettagli privi di rilevanza pubblica e che ledano la sfera personale di terzi.<br />
4. L’interesse degli argomenti rispetto alle attività di questa sede è un requisito essenziale: non è possibile in alcun modo utilizzare questi spazi per scopi diversi da quelli istituzionali.<br />
5. Ogni discussione è legata a un tema specifico: a tutti i partecipanti è richiesto di rispettarlo, evitando di allargare il confronto in modo generico e indiscriminato.<br />
6. Non sarà tollerata alcuna forma di pubblicità, spam o promozione di interessi privati o di attività illegali.<br />
7. Non sono ammessi contenuti che violino il diritto d’autore né l’utilizzo non autorizzato di marchi registrati.</p>
<p>In ogni caso, ove il social media lo permetta, saranno rimossi dallo staff tutti i post, i commenti o i materiali audio/video che:</p>
<ul>
<li>presentano un linguaggio inappropriato e/o un tono minaccioso, violento, volgare o irrispettoso;</li>
<li>presentano contenuti illeciti o di incitamento a compiere attività illecite;</li>
<li>hanno contenuti offensivi, ingannevoli, allarmistici, o in violazione di diritti di terzi;</li>
<li>divulgano dati e informazioni personali o che possono cagionare danni o ledere la reputazione di terzi;</li>
<li>presentano contenuti a contenuto osceno, pornografico o pedopornografico, o tale da offendere la sensibilità degli utenti;</li>
<li>hanno un contenuto discriminatorio per genere, razza, etnia, lingua, credo religioso, opinioni politiche, orientamento sessuale, età, condizioni personali e sociali;</li>
<li>promuovono o sostengono attività illegali, che violano la protezione del diritto di autore o che utilizzano in modo improprio un marchio registrato.</li>
</ul>
<p>Per chi dovesse violare ripetutamente queste condizioni o quelle contenute nelle policy degli strumenti adottati, questa sede, coerentemente con la Social Media Policy del MAECI, si riserva il diritto di usare il ban o il blocco (quando possibile dopo un primo avvertimento) per impedire ulteriori interventi, e di segnalare l’utente ai responsabili della piattaforma ed eventualmente alle forze dell’ordine.</p>
<p>Questa sede interagisce con gli utenti attraverso i propri profili social, ma non garantisce tempestività nel riscontro. I canali social media si affiancano e non si sostituiscono ai consueti canali di accesso del pubblico ai servizi di informazione e assistenza. È preferibile contattare la sede come indicato nella sezione dedicata del sito: <a href="https://ambhanoi.esteri.it/it/chi-siamo/gli-uffici/">https://ambhanoi.esteri.it/it/chi-siamo/gli-uffici/</a>.</p>

Questa Ambasciata utilizza i social media per finalità istituzionali, per accrescere la trasparenza e la conoscenza delle proprie attività: informa, comunica, ascolta e pubblica contenuti di carattere istituzionale. I contenuti pubblicati comprendono fotografie, video istituzionali, comunicati stampa, informazioni di servizio, notizie relative all’attività di questa sede nonché opportunità di coinvolgimento e partecipazione dei cittadini. I [&hellip;]
